{"id":1260,"date":"2014-06-06T09:46:48","date_gmt":"2014-06-06T09:46:48","guid":{"rendered":"http:\/\/musikverein-buechenberg.de\/?page_id=1260"},"modified":"2020-07-09T07:42:14","modified_gmt":"2020-07-09T07:42:14","slug":"vorstanddirigent","status":"publish","type":"page","link":"https:\/\/musikverein-buechenberg.de\/index.php\/vorstanddirigent\/","title":{"rendered":"Vorstand\/Dirigent"},"content":{"rendered":"<p><span style=\"text-decoration: underline;\"><strong>aktuelle \u00dcbersicht ab dem 18.06.2020:<\/strong><\/span><\/p>\n<p>Vorstand&nbsp; &nbsp; &nbsp; &nbsp; &nbsp; &nbsp; &nbsp; &nbsp; &nbsp; &nbsp; &nbsp; &nbsp; &nbsp; Christian Halbleib, Christina Happ, Andreas G\u00fcnther<\/p>\n<p>Kassierer&nbsp; &nbsp; &nbsp; &nbsp; &nbsp; &nbsp; &nbsp; &nbsp; &nbsp; &nbsp; &nbsp; &nbsp; &nbsp;Ulrich M\u00fcller<\/p>\n<p>Schriftf\u00fchrer&nbsp; &nbsp; &nbsp; &nbsp; &nbsp; &nbsp; &nbsp; &nbsp; &nbsp; Franziska Wunsch<\/p>\n<p>&nbsp;<\/p>\n<p><strong>Dirigent &nbsp; &nbsp; &nbsp; &nbsp; &nbsp; &nbsp; &nbsp; &nbsp; &nbsp; &nbsp; &nbsp; &nbsp; &nbsp;Wolfgang Kl\u00fch<\/strong><\/p>\n<p>&nbsp;<\/p>\n<p><strong>\u00dcbersicht seit 1976<\/strong><\/p>\n<p><span style=\"text-decoration: underline;\"><strong>1. Vorsitzender<\/strong> <\/span><\/p>\n<p>Christian Halbleib&nbsp; &nbsp; &nbsp; &nbsp; &nbsp; &nbsp; &nbsp;2020 &#8211; heute<\/p>\n<p>Raimund Lippok&nbsp;&nbsp;&nbsp;&nbsp;&nbsp;&nbsp;&nbsp;&nbsp;&nbsp;&nbsp;&nbsp;&nbsp;&nbsp;&nbsp;&nbsp; 2018 &#8211; 2020<\/p>\n<p>Frank Kress&nbsp; &nbsp; &nbsp; &nbsp; &nbsp; &nbsp; &nbsp; &nbsp; &nbsp; &nbsp; &nbsp; &nbsp; &nbsp; &nbsp;2002 &#8211; 2018<\/p>\n<p>Reinhard Happ&nbsp; &nbsp; &nbsp; &nbsp; &nbsp; &nbsp; &nbsp; &nbsp; &nbsp; &nbsp; 1997 &#8211; 2002<\/p>\n<p>Karl Kl\u00fch&nbsp; &nbsp; &nbsp; &nbsp; &nbsp; &nbsp; &nbsp; &nbsp; &nbsp; &nbsp; &nbsp; &nbsp; &nbsp; &nbsp; &nbsp; &nbsp; 1976 &#8211; 1997<\/p>\n<p><strong><span style=\"text-decoration: underline;\">2. Vorsitzender\/e<\/span><\/strong><\/p>\n<p>Christina Happ&nbsp; &nbsp; &nbsp; &nbsp; &nbsp; &nbsp; &nbsp; &nbsp; &nbsp; &nbsp; 2020 &#8211; heute<\/p>\n<p>Karolina Kl\u00fch&nbsp;&nbsp;&nbsp;&nbsp;&nbsp;&nbsp;&nbsp;&nbsp;&nbsp;&nbsp;&nbsp;&nbsp;&nbsp;&nbsp;&nbsp;&nbsp;&nbsp;&nbsp;&nbsp;&nbsp;&nbsp;&nbsp; 2018 &#8211; 2020<\/p>\n<p>Christina Happ&nbsp; &nbsp; &nbsp; &nbsp; &nbsp; &nbsp; &nbsp; &nbsp; &nbsp; &nbsp; &nbsp;2014 &#8211; 2018<\/p>\n<p>Paul Schreckenbach&nbsp; &nbsp; &nbsp; &nbsp; &nbsp; 1997 &#8211; 2014<\/p>\n<p>J\u00fcrgen Schlag&nbsp; &nbsp; &nbsp; &nbsp; &nbsp; &nbsp; &nbsp; &nbsp; &nbsp; &nbsp; &nbsp; 1989 &#8211; 1996<\/p>\n<p>Winfried Schlag&nbsp; &nbsp; &nbsp; &nbsp; &nbsp; &nbsp; &nbsp; &nbsp; &nbsp; &nbsp;1976 &#8211; 1989<\/p>\n<p><strong><span style=\"text-decoration: underline;\">3. Vorsitzender\/e<\/span><\/strong><\/p>\n<p>Andreas G\u00fcnther&nbsp; &nbsp; &nbsp; &nbsp; &nbsp; &nbsp; &nbsp; &nbsp; 2020 &#8211; heute<\/p>\n<p>Christian Halbleib&nbsp;&nbsp;&nbsp;&nbsp;&nbsp;&nbsp;&nbsp;&nbsp;&nbsp;&nbsp;&nbsp;&nbsp; 2018 &#8211; 2020<\/p>\n<p>Karolina Kl\u00fch&nbsp; &nbsp; &nbsp; &nbsp; &nbsp; &nbsp; &nbsp; &nbsp; &nbsp; &nbsp; &nbsp; &nbsp;2014 &#8211; 2018<\/p>\n<p>Martin Rehberg&nbsp; &nbsp; &nbsp; &nbsp; &nbsp; &nbsp; &nbsp; &nbsp; &nbsp; &nbsp; 2006 &#8211; 2014<\/p>\n<p>Reinhard Happ&nbsp; &nbsp; &nbsp; &nbsp; &nbsp; &nbsp; &nbsp; &nbsp; &nbsp; &nbsp; 2001 &#8211; 2006<\/p>\n<p>Karl Kl\u00fch&nbsp; &nbsp; &nbsp; &nbsp; &nbsp; &nbsp; &nbsp; &nbsp; &nbsp; &nbsp; &nbsp; &nbsp; &nbsp; &nbsp; &nbsp; &nbsp; 1997 &#8211; 2001<\/p>\n<p><strong><span style=\"text-decoration: underline;\">Kassierer<\/span><\/strong><\/p>\n<p>Ulrich M\u00fcller&nbsp; &nbsp; &nbsp; &nbsp; &nbsp; &nbsp; &nbsp; &nbsp; &nbsp; &nbsp; &nbsp; &nbsp; 1993 &#8211; heute<\/p>\n<p>Franz Schreckenbach&nbsp; &nbsp; &nbsp; &nbsp;1976 &#8211; 1993<\/p>\n<p><strong><span style=\"text-decoration: underline;\">Schriftf\u00fchrer<\/span><\/strong><\/p>\n<p>Franziska Wunsch&nbsp; &nbsp; &nbsp; &nbsp; &nbsp; &nbsp; &nbsp; &nbsp;2020 &#8211; heute<\/p>\n<p>Christina Happ&nbsp;&nbsp;&nbsp;&nbsp;&nbsp;&nbsp;&nbsp;&nbsp;&nbsp;&nbsp;&nbsp; &nbsp; &nbsp;&nbsp;&nbsp;&nbsp;&nbsp;&nbsp; 2018 &#8211; 2020&nbsp;<\/p>\n<p>Wolfgang Klug&nbsp; &nbsp; &nbsp; &nbsp; &nbsp; &nbsp; &nbsp; &nbsp; &nbsp; &nbsp; &nbsp; 1993 &#8211; 2018<\/p>\n<p>Monika Schmidt&nbsp; &nbsp; &nbsp; &nbsp; &nbsp; &nbsp; &nbsp; &nbsp; &nbsp; 1989 &#8211; 1993<\/p>\n<p>Hubert Schreckenbach&nbsp;&nbsp;&nbsp;&nbsp;1976 &#8211; 1989<\/p>\n<p><strong><span style=\"text-decoration: underline;\">Dirigenten<\/span><\/strong><\/p>\n<p>Wolfgang Kl\u00fch&nbsp; &nbsp; &nbsp; &nbsp; &nbsp; &nbsp; &nbsp; &nbsp; 2020 &#8211; heute<\/p>\n<p>Raimund Lippok &nbsp; &nbsp; &nbsp; &nbsp; &nbsp; &nbsp; 2017 &#8211; 2020<\/p>\n<p>Wolfgang Kl\u00fch &nbsp; &nbsp; &nbsp; &nbsp; &nbsp; &nbsp; &nbsp; &nbsp; 1990 &#8211; 2016<\/p>\n<p>Florenz Jahn &nbsp; &nbsp; &nbsp; &nbsp; &nbsp; &nbsp; &nbsp; &nbsp; &nbsp; &nbsp;1984 &#8211; 1990<\/p>\n<p>Von Akteren&nbsp;&nbsp;&nbsp;&nbsp;&nbsp;&nbsp;&nbsp;&nbsp;&nbsp;&nbsp;&nbsp;&nbsp;&nbsp;&nbsp;&nbsp;&nbsp;&nbsp;&nbsp;&nbsp;&nbsp;&nbsp;1984<\/p>\n<p>Florenz Jahn &nbsp; &nbsp; &nbsp; &nbsp; &nbsp; &nbsp; &nbsp; &nbsp; &nbsp; &nbsp;1981 &#8211; 1984<\/p>\n<p>Franz Spiller &nbsp; &nbsp; &nbsp; &nbsp; &nbsp; &nbsp; &nbsp; &nbsp; &nbsp; &nbsp; 1977 &#8211; 1981<\/p>\n<p>Florenz Jahn &nbsp; &nbsp; &nbsp; &nbsp; &nbsp; &nbsp; &nbsp; &nbsp; &nbsp; &nbsp;1976 &#8211; 1977<\/p>\n<p>&nbsp;<\/p>\n<p>&nbsp;<\/p>\n<p>&nbsp;<\/p>\n<p>&nbsp;<\/p>\n<p>&nbsp;<\/p>\n<p>&nbsp;<\/p>\n<p>&nbsp;<\/p>\n","protected":false},"excerpt":{"rendered":"<p>aktuelle \u00dcbersicht ab dem 18.06.2020: Vorstand&nbsp; &nbsp; &nbsp; &nbsp; &nbsp; &nbsp; &nbsp; &nbsp; &nbsp; &nbsp; &nbsp; &nbsp; &nbsp; Christian Halbleib, Christina Happ, Andreas G\u00fcnther Kassierer&nbsp; &nbsp; &nbsp; &nbsp; &nbsp; &nbsp; &nbsp; &nbsp; &nbsp; &nbsp; &nbsp; &nbsp; &nbsp;Ulrich M\u00fcller Schriftf\u00fchrer&nbsp; &nbsp; &nbsp; &nbsp; &nbsp; &nbsp; &nbsp; &nbsp; &nbsp; Franziska Wunsch &nbsp; Dirigent &nbsp; &nbsp; &nbsp; &nbsp; &hellip; <a href=\"https:\/\/musikverein-buechenberg.de\/index.php\/vorstanddirigent\/\" class=\"more-link\"><span class=\"screen-reader-text\">Vorstand\/Dirigent<\/span> weiterlesen <span class=\"meta-nav\">&rarr;<\/span><\/a><\/p>\n","protected":false},"author":1,"featured_media":0,"parent":0,"menu_order":3,"comment_status":"closed","ping_status":"closed","template":"","meta":{"ngg_post_thumbnail":0,"footnotes":""},"class_list":["post-1260","page","type-page","status-publish","hentry"],"_links":{"self":[{"href":"https:\/\/musikverein-buechenberg.de\/index.php\/wp-json\/wp\/v2\/pages\/1260","targetHints":{"allow":["GET"]}}],"collection":[{"href":"https:\/\/musikverein-buechenberg.de\/index.php\/wp-json\/wp\/v2\/pages"}],"about":[{"href":"https:\/\/musikverein-buechenberg.de\/index.php\/wp-json\/wp\/v2\/types\/page"}],"author":[{"embeddable":true,"href":"https:\/\/musikverein-buechenberg.de\/index.php\/wp-json\/wp\/v2\/users\/1"}],"replies":[{"embeddable":true,"href":"https:\/\/musikverein-buechenberg.de\/index.php\/wp-json\/wp\/v2\/comments?post=1260"}],"version-history":[{"count":0,"href":"https:\/\/musikverein-buechenberg.de\/index.php\/wp-json\/wp\/v2\/pages\/1260\/revisions"}],"wp:attachment":[{"href":"https:\/\/musikverein-buechenberg.de\/index.php\/wp-json\/wp\/v2\/media?parent=1260"}],"curies":[{"name":"wp","href":"https:\/\/api.w.org\/{rel}","templated":true}]}}