{"id":4883,"date":"2017-03-17T17:57:55","date_gmt":"2017-03-17T17:57:55","guid":{"rendered":"http:\/\/musikverein-buechenberg.de\/?page_id=4883"},"modified":"2018-03-13T07:26:43","modified_gmt":"2018-03-13T07:26:43","slug":"2017-2","status":"publish","type":"page","link":"https:\/\/musikverein-buechenberg.de\/index.php\/bilder-galerie\/2017-2\/","title":{"rendered":"2017"},"content":{"rendered":"<p><strong>Stra\u00dfeneinweihung KVB 05.02.2017<\/strong><\/p>\n\n<p><strong>Rosenmontag KVB 27.02.2017<\/strong><\/p>\n\n<p><strong>80. Geburtstag Erwin Klug 04.03.2017<\/strong><\/p>\n\n<p><strong>50. Geburtstag Monika Schmitt 05.03.2017<\/strong><\/p>\n\n<p><strong>75. Geburtstag Eugen Halbleib 29.03.2017<\/strong><\/p>\n\n<p><strong>Akustikstoff anbringen Probenraum B\u00fcrgerhaus B\u00fcchenberg 17.04.2017<\/strong><\/p>\n\n<p><strong>Weinfest Dietershausen 07.05.2017<\/strong><\/p>\n\n<p><strong>Prozession B\u00fcchenberg Christi Himmelfahrt 25.05.2017<\/strong><\/p>\n\n<p><strong>850. Jahr Feier Oberkalbach stehender Festzug 04.06.2017<\/strong><\/p>\n\n<p><strong>Prozession B\u00fcchenberg Fronleichnam 15.06.2017<\/strong><\/p>\n\n<p><strong>Feuerwehrfest B\u00fcchenberg 03.07.2017<\/strong><\/p>\n\n<p><strong>Pfarrfest B\u00fcchenberg 17.07.2017<\/strong><\/p>\n\n<p><strong>Feuerwehrfest D\u00f6llbach 06.08.2017<\/strong><\/p>\n\n<p><strong>Akustikstoff anbringen B\u00fcrgerhaus B\u00fcchenberg 17.08.2017<\/strong><\/p>\n\n<p><strong>80. Geburtstag Meta Rehberg 20.08.2017<\/strong><\/p>\n\n<p><strong>Kirmes Oberkalbach 17.09.2017<\/strong><\/p>\n\n<p><strong>Oktoberfest Almuskl\u00e4nge B\u00fcchenberg 01.-02.10.2017<\/strong><\/p>\n\n<p><strong>Essen in der Probe 26.10.2017<\/strong><\/p>\n\n<p><strong>Kirmes in R\u00fcckers 05.11.2017<\/strong><\/p>\n\n<p><strong>75. Geburtstag Bruno Ruppel 10.12.2017<\/strong><\/p>\n\n<p><strong>Weihnachtsfeier Almuskl\u00e4nge 16.12.2017<\/strong><\/p>\n\n","protected":false},"excerpt":{"rendered":"<p>Stra\u00dfeneinweihung KVB 05.02.2017 Rosenmontag KVB 27.02.2017 80. Geburtstag Erwin Klug 04.03.2017 50. Geburtstag Monika Schmitt 05.03.2017 75. Geburtstag Eugen Halbleib 29.03.2017 Akustikstoff anbringen Probenraum B\u00fcrgerhaus B\u00fcchenberg 17.04.2017 Weinfest Dietershausen 07.05.2017 Prozession B\u00fcchenberg Christi Himmelfahrt 25.05.2017 850. Jahr Feier Oberkalbach stehender Festzug 04.06.2017 Prozession B\u00fcchenberg Fronleichnam 15.06.2017 Feuerwehrfest B\u00fcchenberg 03.07.2017 Pfarrfest B\u00fcchenberg 17.07.2017 Feuerwehrfest D\u00f6llbach 06.08.2017 &hellip; <a href=\"https:\/\/musikverein-buechenberg.de\/index.php\/bilder-galerie\/2017-2\/\" class=\"more-link\"><span class=\"screen-reader-text\">2017<\/span> weiterlesen <span class=\"meta-nav\">&rarr;<\/span><\/a><\/p>\n","protected":false},"author":1,"featured_media":0,"parent":1337,"menu_order":0,"comment_status":"closed","ping_status":"closed","template":"","meta":{"ngg_post_thumbnail":0,"footnotes":""},"class_list":["post-4883","page","type-page","status-publish","hentry"],"_links":{"self":[{"href":"https:\/\/musikverein-buechenberg.de\/index.php\/wp-json\/wp\/v2\/pages\/4883","targetHints":{"allow":["GET"]}}],"collection":[{"href":"https:\/\/musikverein-buechenberg.de\/index.php\/wp-json\/wp\/v2\/pages"}],"about":[{"href":"https:\/\/musikverein-buechenberg.de\/index.php\/wp-json\/wp\/v2\/types\/page"}],"author":[{"embeddable":true,"href":"https:\/\/musikverein-buechenberg.de\/index.php\/wp-json\/wp\/v2\/users\/1"}],"replies":[{"embeddable":true,"href":"https:\/\/musikverein-buechenberg.de\/index.php\/wp-json\/wp\/v2\/comments?post=4883"}],"version-history":[{"count":0,"href":"https:\/\/musikverein-buechenberg.de\/index.php\/wp-json\/wp\/v2\/pages\/4883\/revisions"}],"up":[{"embeddable":true,"href":"https:\/\/musikverein-buechenberg.de\/index.php\/wp-json\/wp\/v2\/pages\/1337"}],"wp:attachment":[{"href":"https:\/\/musikverein-buechenberg.de\/index.php\/wp-json\/wp\/v2\/media?parent=4883"}],"curies":[{"name":"wp","href":"https:\/\/api.w.org\/{rel}","templated":true}]}}

<p><strong>Straßeneinweihung KVB 05.02.2017</strong></p>

<p><strong>Rosenmontag KVB 27.02.2017</strong></p>

<p><strong>80. Geburtstag Erwin Klug 04.03.2017</strong></p>

<p><strong>50. Geburtstag Monika Schmitt 05.03.2017</strong></p>

<p><strong>75. Geburtstag Eugen Halbleib 29.03.2017</strong></p>

<p><strong>Akustikstoff anbringen Probenraum Bürgerhaus Büchenberg 17.04.2017</strong></p>

<p><strong>Weinfest Dietershausen 07.05.2017</strong></p>

<p><strong>Prozession Büchenberg Christi Himmelfahrt 25.05.2017</strong></p>

<p><strong>850. Jahr Feier Oberkalbach stehender Festzug 04.06.2017</strong></p>

<p><strong>Prozession Büchenberg Fronleichnam 15.06.2017</strong></p>

<p><strong>Feuerwehrfest Büchenberg 03.07.2017</strong></p>

<p><strong>Pfarrfest Büchenberg 17.07.2017</strong></p>

<p><strong>Feuerwehrfest Döllbach 06.08.2017</strong></p>

<p><strong>Akustikstoff anbringen Bürgerhaus Büchenberg 17.08.2017</strong></p>

<p><strong>80. Geburtstag Meta Rehberg 20.08.2017</strong></p>

<p><strong>Kirmes Oberkalbach 17.09.2017</strong></p>

<p><strong>Oktoberfest Almusklänge Büchenberg 01.-02.10.2017</strong></p>

<p><strong>Essen in der Probe 26.10.2017</strong></p>

<p><strong>Kirmes in Rückers 05.11.2017</strong></p>

<p><strong>75. Geburtstag Bruno Ruppel 10.12.2017</strong></p>

<p><strong>Weihnachtsfeier Almusklänge 16.12.2017</strong></p>

<p>Straßeneinweihung KVB 05.02.2017 Rosenmontag KVB 27.02.2017 80. Geburtstag Erwin Klug 04.03.2017 50. Geburtstag Monika Schmitt 05.03.2017 75. Geburtstag Eugen Halbleib 29.03.2017 Akustikstoff anbringen Probenraum Bürgerhaus Büchenberg 17.04.2017 Weinfest Dietershausen 07.05.2017 Prozession Büchenberg Christi Himmelfahrt 25.05.2017 850. Jahr Feier Oberkalbach stehender Festzug 04.06.2017 Prozession Büchenberg Fronleichnam 15.06.2017 Feuerwehrfest Büchenberg 03.07.2017 Pfarrfest Büchenberg 17.07.2017 Feuerwehrfest Döllbach 06.08.2017 &hellip; <a href="https://musikverein-buechenberg.de/index.php/bilder-galerie/2017-2/" class="more-link"><span class="screen-reader-text">2017</span> weiterlesen <span class="meta-nav">&rarr;</span></a></p>
